{"id":577,"date":"2023-03-07T14:54:15","date_gmt":"2023-03-07T17:54:15","guid":{"rendered":"\/cajuina\/?page_id=577"},"modified":"2023-04-17T11:12:28","modified_gmt":"2023-04-17T14:12:28","slug":"reencontro","status":"publish","type":"page","link":"\/cajuina\/reencontro\/","title":{"rendered":"Reencontro"},"content":{"rendered":"<section class=\"wpb-content-wrapper\"><p>[vc_row css_animation=&#8221;fadeIn&#8221; motts_theme_padding=&#8221;no&#8221;][vc_column][ts_section_title animate_block=&#8221;yes&#8221; animation_type=&#8221;fadeInUp&#8221; title=&#8221;Reencontro&#8221; description=&#8221;A Casa Reencontro \u00e9 um servi\u00e7o da Funda\u00e7\u00e3o Caju\u00edna de acolhimento institucional que tem como objetivo de garantir prote\u00e7\u00e3o integral da crian\u00e7a e\/ou adolescente que se encontram em situa\u00e7\u00e3o de risco pessoal e social, cujas fam\u00edlias ou respons\u00e1veis encontrem- se temporariamente impossibilitados de cumprir sua fun\u00e7\u00e3o de cuidado e prote\u00e7\u00e3o. Esse projeto atender as exig\u00eancias legais com espa\u00e7o f\u00edsico, equipe t\u00e9cnica e operacional qualificados, atrav\u00e9s de atendimento multidisciplinar. Durante o acompanhamento ser\u00e3o realizadas atividades com, atendimento psicossocial, atividades em grupo e individuais, entrevistas, reuni\u00f5es, visitas domiciliares, encaminhamentos, acompanhamento escolar, atividades pedag\u00f3gicas, lazer, atendimentos na rede s\u00f3cio assistencial que possam envolver as crian\u00e7as, fam\u00edlias de origem e fam\u00edlias acolhedoras, buscando o fortalecimento de v\u00ednculos familiares e conviv\u00eancia familiar e comunit\u00e1ria. O trabalho desenvolvido tem priorizado o fortalecimento e amplia\u00e7\u00e3o da rede de apoio social e acompanhamento para que haja a reinser\u00e7\u00e3o familiar dessas crian\u00e7as ou excepcionalmente coloca\u00e7\u00e3o em uma fam\u00edlia substituta.&#8221;][\/vc_column][\/vc_row][vc_row motts_theme_padding=&#8221;no&#8221;][vc_column][vc_row_inner][vc_column_inner width=&#8221;1\/2&#8243;][ts_icon_box position=&#8221;left&#8221; animate_block=&#8221;yes&#8221; animation_type=&#8221;fadeInUp&#8221; icon=&#8221;935&#8243; animation_delay=&#8221;0.1s&#8221;]<\/p>\n<h4>P\u00fablico Alvo<\/h4>\n<p><strong>Crian\u00e7as de 0 a 12 anos<\/strong> incompletos em situa\u00e7\u00e3o de vulnerabilidade social e fam\u00edlias que possam acolher crian\u00e7as de 4 a 12 anos incompletos. Sendo 15 fam\u00edlias colhedoras e 15 crian\u00e7as, podendo aumentar o n\u00famero em se tratando de acolhimento de irm\u00e3os.[\/ts_icon_box][\/vc_column_inner][vc_column_inner width=&#8221;1\/2&#8243;][ts_icon_box position=&#8221;left&#8221; animate_block=&#8221;yes&#8221; animation_type=&#8221;fadeInUp&#8221; icon=&#8221;960&#8243; animation_delay=&#8221;0.2s&#8221;]<\/p>\n<h4>Local<\/h4>\n<p>Rua Odilo Ramos, 1501 Morada do Sol[\/ts_icon_box][\/vc_column_inner][\/vc_row_inner][\/vc_column][\/vc_row][vc_row full_width=&#8221;stretch_row&#8221; motts_theme_padding=&#8221;no&#8221; css=&#8221;.vc_custom_1678218081346{padding-bottom: 2rem !important;background-color: #fbf7f4 !important;}&#8221;][vc_column][vc_row_inner][vc_column_inner][ts_section_title animate_block=&#8221;yes&#8221; animation_type=&#8221;fadeInUp&#8221; title=&#8221;Parceiros&#8221;][\/vc_column_inner][\/vc_row_inner][vc_row_inner][vc_column_inner width=&#8221;1\/4&#8243;][\/vc_column_inner][vc_column_inner width=&#8221;1\/4&#8243;][ts_logo_item animate_block=&#8221;yes&#8221; animation_type=&#8221;fadeInLeft&#8221; image=&#8221;613&#8243; alt_tag=&#8221;logo-prefeitura-teresina&#8221;][\/vc_column_inner][vc_column_inner width=&#8221;1\/4&#8243;][ts_logo_item animate_block=&#8221;yes&#8221; animation_type=&#8221;fadeInRight&#8221; image=&#8221;612&#8243; alt_tag=&#8221;logo-semcasp&#8221;][\/vc_column_inner][vc_column_inner width=&#8221;1\/4&#8243;][\/vc_column_inner][\/vc_row_inner][\/vc_column][\/vc_row][vc_row motts_theme_padding=&#8221;no&#8221;][vc_column][vc_row_inner][vc_column_inner][ts_gallery_grid animate_block=&#8221;yes&#8221; animation_type=&#8221;fadeInUp&#8221; details=&#8221;%5B%7B%22image%22%3A%22667%22%7D%2C%7B%22image%22%3A%22669%22%7D%2C%7B%22image%22%3A%22670%22%7D%2C%7B%22image%22%3A%22671%22%7D%2C%7B%22image%22%3A%22679%22%7D%2C%7B%22image%22%3A%22680%22%7D%5D&#8221;][\/vc_column_inner][\/vc_row_inner][\/vc_column][\/vc_row]<\/p>\n<\/section>","protected":false},"excerpt":{"rendered":"<p>[vc_row css_animation=&#8221;fadeIn&#8221; motts_theme_padding=&#8221;no&#8221;][vc_column][ts_section_title animate_block=&#8221;yes&#8221; animation_type=&#8221;fadeInUp&#8221; title=&#8221;Reencontro&#8221; description=&#8221;A Casa Reencontro \u00e9 um servi\u00e7o da Funda\u00e7\u00e3o Caju\u00edna de acolhimento institucional que tem como objetivo de garantir prote\u00e7\u00e3o integral da crian\u00e7a e\/ou adolescente que se encontram em situa\u00e7\u00e3o de risco pessoal e social, cujas fam\u00edlias ou respons\u00e1veis encontrem- se temporariamente impossibilitados de cumprir sua fun\u00e7\u00e3o de cuidado e [&hellip;]<\/p>\n","protected":false},"author":1,"featured_media":0,"parent":0,"menu_order":0,"comment_status":"closed","ping_status":"closed","template":"","meta":{"_mi_skip_tracking":false,"footnotes":""},"class_list":["post-577","page","type-page","status-publish","hentry"],"aioseo_notices":[],"_links":{"self":[{"href":"\/cajuina\/wp-json\/wp\/v2\/pages\/577","targetHints":{"allow":["GET"]}}],"collection":[{"href":"\/cajuina\/wp-json\/wp\/v2\/pages"}],"about":[{"href":"\/cajuina\/wp-json\/wp\/v2\/types\/page"}],"author":[{"embeddable":true,"href":"\/cajuina\/wp-json\/wp\/v2\/users\/1"}],"replies":[{"embeddable":true,"href":"\/cajuina\/wp-json\/wp\/v2\/comments?post=577"}],"version-history":[{"count":37,"href":"\/cajuina\/wp-json\/wp\/v2\/pages\/577\/revisions"}],"predecessor-version":[{"id":1085,"href":"\/cajuina\/wp-json\/wp\/v2\/pages\/577\/revisions\/1085"}],"wp:attachment":[{"href":"\/cajuina\/wp-json\/wp\/v2\/media?parent=577"}],"curies":[{"name":"wp","href":"https:\/\/api.w.org\/{rel}","templated":true}]}}